*3. What is the greatest common factor of f and 231?
21
Let r = -5 - -1. Let h be r*(63/(-12) + 1). Let l = -11 + h. What is the greatest common divisor of 54 and l?
6
Suppose -3*a = -76 - 323. Let x = -45 + a. Let r(q) = -4*q. Let b be r(-2). What is the highest common divisor of x and b?
8
Let x = 39 + -26. Suppose 156 + 39 = 5*n. What is the highest common divisor of n and x?
13
Let y(a) = a**2 + 5*a - 4. Let f be y(-9). Calculate the highest common factor of 352 and f.
32
Let c(h) = h**2 + h - 1. Let s be c(-3). Suppose y = -3*y - 3*b + 5, 2*y = -s*b + 13. Let t be (y + 8)/1 + 0. What is the greatest common divisor of 63 and t?
7
Let r(f) = f**2 + f + 4. Let o be r(0). Let p = -12 - -8. Let h be p/(-10) - (-2492)/70. Calculate the highest common factor of h and o.
4
Let y = 15 + 1. Let l be (0 - 1)/(2/(-60)). Suppose -2*c + 24 = 3*a - 4, l = 3*a + 3*c. What is the greatest common divisor of y and a?
8
Let y = 82 - 77. Calculate the greatest common divisor of y and 45.
5
Suppose -3*b + 25 + 83 = 0. Calculate the greatest common divisor of 12 and b.
12
Let n be ((-114)/8)/(78/96 - 1). What is the greatest common factor of 190 and n?
38
Suppose -3*o - 4 = -5*n + 1, 5*n - 4*o = 0. Suppose -i - b = 2*b, n*b = -2*i. Let j(k) = k + 70. Let p be j(i). What is the highest common factor of 10 and p?
10
Suppose -3*b = -h + 3*h - 75, b + 5*h = 38. What is the highest common factor of b and 184?
23
Let w be ((-32)/(-10))/((-6)/(-15)). Let y = w - 1. Calculate the greatest common divisor of y and 70.
7
Suppose 3*j - 5*v = -2*j - 10, 4*v - 13 = -j. Let t be j*16 - (0 - -3). What is the greatest common divisor of t and 91?
13
Let n be (2 - -2)*161/4. Calculate the highest common divisor of 23 and n.
23
Suppose -9*w + 13 = -5. Calculate the greatest common factor of w and 2.
2
Let d(v) = v + 8. Suppose 6*k = 4*k - 6. Let a be d(k). What is the greatest common factor of 55 and a?
5
Suppose 4*o = 29 + 47. Calculate the highest common divisor of 152 and o.
19
Suppose -4*a + 97 = 1. What is the greatest common divisor of a and 6?
6
Let a = -4 + 7. Suppose 0*q - 30 = -a*q - 3*p, 0 = q + 2*p - 5. Calculate the highest common divisor of q and 165.
15
Let r = 131 + -123. What is the highest common divisor of r and 56?
8
Let j(y) = y**2 - 5*y - 10. Let a be j(9). Calculate the greatest common divisor of 78 and a.
26
Let j be 60*(-1 - (-10)/5). What is the highest common divisor of 12 and j?
12
Let b = -1 + 51. Let m be (8/12)/((33/(-90))/(-11)). Calculate the greatest common divisor of m and b.
10
Let a = 14 - 10. Let p be (-2)/(a/(-72)*1). Let l = 24 - 12. What is the greatest common divisor of l and p?
12
Let w be -6*5*(-1)/6. What is the highest common divisor of w and 1?
1
Suppose 2*g - 3*r = 55, -3*r - 6 = -r. Suppose -2*y = -4*f - 41 - g, 0 = -4*y - 4*f + 176. Calculate the greatest common divisor of y and 16.
8
Let f = -24 + 101. Calculate the greatest common divisor of f and 7.
7
Let w be (1 - (-20 - 0))*-1. Let u = w - -86. Let r be (-74)/(-6) + 4/6. What is the highest common factor of r and u?
13
Suppose g - 5*w + 18 = 0, -w + 40 = 3*g + 2*g. Let q be (-2)/4 + (-678)/(-12). Calculate the highest common divisor of g and q.
7
Suppose -w = -3*a + 60, 5*a - 3*w - 2*w = 100. Let i be (a/30)/(4/234). Calculate the greatest common factor of 13 and i.
13
Let f = 14 + 6. Let i = 232 - 72. Calculate the highest common divisor of i and f.
20
Suppose -5*g + 286 = -194. What is the greatest common divisor of g and 12?
12
Suppose 2*b = 10, -307 = 3*q - q + 3*b. Let v = q + 241. Let w(y) = y**3 - y**2 + 10. Let k be w(0). What is the highest common factor of v and k?
10
Let o be (-4)/((-8)/13)*2. Suppose -60 = -z - 2*x - o, -2*x - 8 = 0. Let u = -38 + z. Calculate the greatest common divisor of 51 and u.
17
Let l be (-1)/(-1) - 36/(-3). What is the highest common factor of 104 and l?
13
Let m = -1 + 13. What is the highest common factor of m and 108?
12
Let l(a) = a**2 + a + 4. Let w be l(3). Let b(o) = -o**2 + 19*o + 32. Let z be b(19). What is the highest common factor of w and z?
16
Let n(i) = -i**2 - 4*i - 4. Let z(m) = -5*m**2 - 25*m - 25. Let k(s) = -25*n(s) + 4*z(s). Let f be k(1). Calculate the greatest common factor of f and 5.
5
Suppose -18*i + 20*i - 192 = 0. Calculate the highest common divisor of i and 32.
32
Let w be 12/6*(0 + 26). Let u be 3/6 + (-153)/(-6). What is the greatest common divisor of w and u?
26
Let o(d) = d**2 + 7*d + 2. Let h be o(-8). Suppose -4*t - z + 348 = 2*z, t - 2*z = 98. Calculate the highest common divisor of t and h.
10
Suppose 5*l - 28 = -2*l. Calculate the greatest common factor of l and 2.
2
Let g(v) = 28*v. Let y be g(1). Let o = -14 + y. What is the greatest common divisor of o and 14?
14
Suppose 0 = -z - z - 10. Let q be z/(-3) + (-1)/(-3). Let k be 5/((-7)/(56/(-20))). What is the highest common divisor of k and q?
2
Let y = 75 - 38. What is the greatest common divisor of 37 and y?
37
Let r = -146 - -160. Calculate the highest common factor of 14 and r.
14
Let h be (-1)/(-3) - 104/(-12). Let r = h - -1. Let j be 2/((-2)/7)*-10. Calculate the highest common factor of j and r.
10
Let c(w) = -w**3 + 4*w**2 + 3. Let v be c(4). Let g be v/((-6)/(-20)) + -1. Suppose 3*l - 82 + 28 = 0. What is the highest common divisor of l and g?
9
Suppose -2*j = 3*l + 9, -2*j - 5*l - 37 = -6*j. Suppose 25 - 4 = j*r. Calculate the greatest common factor of 70 and r.
7
Suppose -4*k + 2*t + 136 = 0, -92 = 2*k - 5*k - t. Let x = 14 - k. Let n = x + 29. Calculate the highest common factor of 33 and n.
11
Let k = 41 + -21. Suppose -g = o - 2, -o + 6*o = -2*g + 16. Calculate the greatest common divisor of o and k.
4
Let u(i) = -14*i + 6 + 13*i + 6*i**2 - 5*i**2. Let o be u(13). What is the greatest common divisor of o and 18?
18
Suppose 3*p + 84 = u - 0*u, -3*u = -3*p - 276. Calculate the highest common factor of 32 and u.
32
Suppose 2*d + 60 = 5*d. Calculate the highest common divisor of d and 30.
10
Suppose -5*z - j + 20 = 0, 2*j = -j. Suppose t = -3 + z. Calculate the greatest common divisor of 9 and t.
1
Let n(w) = 4*w**3 + 3 - 2 - 2*w**2 - w**2. Suppose -8 = -5*s + d, -14 = -2*s - 0*d - 5*d. Let l be n(s). What is the greatest common divisor of 7 and l?
7
Let p(r) = -r**3 - 7*r**2 + 7*r - 9. Let t be p(-8). Let q be 3/(t/18*-3). What is the highest common factor of 12 and q?
6
Let d(o) = 3*o**2 + 4*o - 4. Let m be d(4). What is the highest common factor of m and 40?
20
Suppose 4*y - 2*d - 372 = 3*d, 3*y - 2*d - 279 = 0. What is the highest common factor of 31 and y?
31
Suppose -35 + 133 = -2*s. Let t = -13 - s. Let n be 0 + (11 - -1 - 0). Calculate the greatest common divisor of t and n.
12
Suppose 5*q - 115 = 40. Suppose -2*r = 5*c - q, -c = -0*c - 5. Calculate the greatest common factor of 21 and r.
3
Let f(s) = -4*s + 12. Let d be f(-6). Calculate the highest common divisor of 9 and d.
9
Let x = 52 + -16. Let g = 58 - x. What is the greatest common factor of g and 55?
11
Let o be 3 - (4 + (-4 - 4)). Let v(l) = -l**3 - 5*l**2 - 7*l. Let s be v(-5). Calculate the greatest common factor of o and s.
7
Suppose -r - 5*o = 4 + 2, 0 = -4*r + 4*o + 24. Let g be 251/r + 3/12. What is the highest common factor of 7 and g?
7
Let g(m) = 23*m**3 + m**2 + m + 1. Let i be g(2). Suppose 0 = -3*d + 34 + i. Calculate the highest common divisor of d and 30.
15
Let k = 0 - -3. Let w = 14 + -20. Let z be k/w*6 + 52. Calculate the highest common factor of 7 and z.
7
Let w be (34 + 2)*(-1)/(-2). Calculate the highest common factor of w and 6.
6
Let n be (-1 - 5)/(-2) + -1. Suppose -2*w = -3*f + 13, 10 = 2*f - n*w - 0*w. Calculate the highest common factor of 24 and f.
3
Suppose 0 = -b - 3*b + 104. What is the greatest common divisor of b and 13?
13
Let z = 8 - 7. Let y(w) = 15*w. Let k be y(z). Calculate the highest common divisor of k and 135.
15
Let q = -4 - -4. Suppose 2*i = g + i - 7, g + 3 = -4*i. Suppose -v + g = -q. Calculate the highest common divisor of 45 and v.
5
Suppose m - 14 = -4*x - 0*m, 3*m = 2*x. Calculate the greatest common factor of 18 and x.
3
Let v = -21 - -13. Let j = v - 77. Let r = 165 + j. Calculate the highest common divisor of 10 and r.
10
Let i be 16 + -2 + 3 + -1. Let s = -79 - -143. Suppose -3*k - 2*z = -s, 14 = -2*k - 2*z + 54. C